Calculate the greatest common factor of p and 4.
4
Suppose -3*r + 5*c + 27 = -33, 2*r = -c + 40. What is the highest common factor of 5 and r?
5
Suppose -4*p = -0*p - 84. Let n = p - 16. Suppose -4*c = c + 25, 0 = -3*r + 2*c + 115. What is the greatest common divisor of n and r?
5
Let a = 8 + 25. Calculate the highest common factor of a and 11.
11
Let m = 146 - 67. Suppose m = -5*b + 324. Suppose -b = -r + 14. Calculate the greatest common factor of 9 and r.
9
Suppose 8*c = 4*c + 44. Calculate the highest common divisor of 77 and c.
11
Suppose 3*c - 13 - 35 = 0. Let x = c - -10. Let s = 119 + -80. Calculate the greatest common factor of s and x.
13
Suppose 0 = 5*c - 2*b - 13 + 1, -2*c + 4*b = 8. What is the greatest common divisor of 12 and c?
4
Suppose -2*b = -4*w - 124, 7*b = 12*b + 2*w - 334. Calculate the highest common factor of 22 and b.
22
Let s be (204/(-8))/((-2)/(24/9)). What is the greatest common factor of s and 51?
17
Let p(b) = -4*b + 1. Let c be p(-5). Let n = -47 - -76. Let o = n - 15. What is the greatest common divisor of c and o?
7
Let v(y) = -5*y**2 + 3*y + 1. Let d be v(3). Let q = 35 - d. Calculate the highest common factor of q and 35.
35
Let c = 0 - 3. Let o be (c/9)/((-1)/21). Let q be 32 - (2 + -5) - 0. What is the greatest common divisor of q and o?
7
Let x = 37 + -12. Calculate the greatest common divisor of x and 125.
25
Suppose 2*o - t - 43 = 112, 0 = -2*o - 2*t + 146. Suppose 2*a = o - 28. What is the highest common divisor of a and 96?
24
Suppose -5*u = -3*n + 868 + 418, 4*n + 2*u - 1680 = 0. Let o = n - 81. Calculate the highest common factor of 31 and o.
31
Let x = 168 + -66. Calculate the greatest common factor of 17 and x.
17
Let h = -69 - -71. What is the highest common factor of h and 18?
2
Suppose -8*h - 39 = -11*h. What is the highest common divisor of h and 13?
13
Let m(p) = -p**3 + 3*p**2 + 3*p + 4. Let r be m(4). Suppose r = -0*j - 2*j + 28. What is the highest common divisor of 126 and j?
14
Suppose 4*c = 2*c + 4*r + 36, -4*r = -3*c + 46. Suppose -277 = -4*i - 3*l, -4*i - 176 = -3*l - 459. Calculate the highest common divisor of c and i.
10
Suppose 3*i - 56 - 160 = 0. Let v(m) = -m**2 + 8*m + 2. Let a be v(7). What is the greatest common factor of i and a?
9
Suppose -295 = -3*f - 31. Suppose 0 = -0*x - 5*x + 30. Let c(t) = -t**3 + 7*t**2 - 4*t - 1. Let s be c(x). What is the highest common factor of f and s?
11
Suppose 3*m + 2*q + 133 - 359 = 0, -5*m + 4*q = -406. What is the greatest common divisor of 6 and m?
6
Let o(q) = 5*q**3 - 2*q**2 + 5*q + 12. Let w be o(4). Calculate the highest common divisor of 32 and w.
32
Let m(v) = 2*v**2 - 2*v - 3. Let h be m(3). Let a(s) = 5*s - 7. Let r be a(h). Calculate the greatest common divisor of 95 and r.
19
Let k(j) = 5 + 0 - 5*j - 5*j**3 - 7*j**2 + 4*j**3. Let s be k(-6). Let v be (s - 1)*(-12)/8. What is the highest common factor of 15 and v?
3
Let m(o) = o**3 + o - 1. Let j(c) = -4*c**3 + 13*c**2 + 12*c - 7. Let a(b) = j(b) + 3*m(b). Let z be a(14). What is the highest common factor of z and 44?
4
Let m = -23 + 25. Suppose 0 = -5*n + m*o + 589, -n + 4*o - 14 = -139. Calculate the highest common divisor of n and 13.
13
Let k(n) = -2*n**3 - 3*n**2 + 1. Let l be k(-3). What is the greatest common divisor of 70 and l?
14
Let s(a) = 15*a**2 + 3*a - 2. Let v be s(2). Suppose o = 5*i + v, -2*i - 3*i = -4*o + 196. What is the highest common divisor of 11 and o?
11
Suppose -4*s + 25 = 3*g, -2*g - 3*g - 75 = -5*s. Let u(i) = -5*i - 5. Let w be u(-5). Calculate the highest common factor of w and s.
10
Let q = 6 + 4. Suppose -105 = -4*b - 5. Calculate the greatest common divisor of b and q.
5
Let d be 76/((-16)/(-4)) - -1. Let l be -2 + 8 + 1*-2. Suppose -3*k + d = k, 0 = l*n - k - 59. Calculate the highest common factor of n and 2.
2
Let f be 36/4*1 - 1. Suppose 5*p + 2*u - 17 = f, -2*u - 5 = -p. What is the highest common factor of 55 and p?
5
Let n(x) = 2*x**2 + x. Let j be n(-2). Calculate the highest common factor of 3 and j.
3
Let i(g) = -g**3 - 7*g**2 - 5*g + 5. Let n be i(-6). Let u be n + 1 + 26/2. Suppose 0 = 5*p - 101 - 94. Calculate the greatest common factor of p and u.
13
Let g(k) = 15*k + 15. Let u be g(8). What is the highest common factor of u and 90?
45
Suppose 5*g - 10 = 5*r, 5*r + 5*g + 19 + 1 = 0. Let t be (-1)/9*r*3. What is the greatest common divisor of t and 2?
1
Suppose -4*t = -8 - 0. Let s be (-1 + t)*100/5. Calculate the highest common factor of 4 and s.
4
Let s be 18/(-30) - 28/(-5). Suppose 0 = s*q - 3*a - 19, a + a = 4*q - 16. What is the greatest common factor of q and 2?
1
Suppose -a - 72 = a. Let d be 4/(-18) - 2780/a. What is the greatest common factor of d and 7?
7
Suppose 0 = -3*i + 2*i + 2. Let c(q) = 4*q - 1 + q**i - 1 + 3. Let f be c(-6). What is the highest common divisor of f and 13?
13
Let g(a) = 2*a - a + 17 + 3*a - 5*a. Let s be g(0). What is the greatest common factor of 170 and s?
17
Let d be (-16)/(-6)*(-9)/(-4). Let k = 1 - -3. Suppose k = 3*z - 2*z. Calculate the highest common divisor of d and z.
2
Let a = 8 - 6. Let d be (a + 41/4)*4. Let f be 512/72 + 2/(-18). Calculate the highest common factor of f and d.
7
Suppose m - 2*m + 16 = 2*n, n - 2*m = 3. Suppose 6*q + o - n = 2*q, 4*q + 5*o - 19 = 0. What is the highest common factor of 7 and q?
1
Let q be (-1)/2 + (-122)/(-4). Suppose 7*c - 50 = 2*c. What is the greatest common factor of q and c?
10
Let b(d) = d**3 + 8*d**2 + 9*d - 6. Let x be b(-5). Calculate the greatest common divisor of x and 16.
8
Suppose 0 = i + 2*p - 6 - 16, 0 = 5*i - 2*p - 50. Suppose 0 = -2*c - 0*c + 120. Calculate the highest common divisor of c and i.
12
Let r be (2/3 - 1)*-39. Suppose s + 104 = 3*s. What is the greatest common divisor of s and r?
13
Let w be 14*(1 + 3/6). Let h = w - 13. Calculate the greatest common divisor of 12 and h.
4
Let g be ((-27)/(-4))/(12/32). Let b(x) = 10*x**2 + x + 3. Let m be b(-3). Calculate the greatest common divisor of m and g.
18
Let p be (-684)/(-20) - 2 - 4/20. What is the highest common factor of 48 and p?
16
Let p = -36 - -52. Let l = -61 + 141. Suppose r - 3*r = -l. What is the highest common factor of r and p?
8
Suppose 5 - 21 = 4*y, 2*k + 2*y = -2. Suppose -2*g + 5*f = -4*g - 72, -72 = 2*g - f. Let m be ((-1)/3)/(2/g). What is the highest common factor of k and m?
3
Suppose -456 = -11*t + 8*t. Suppose 5*k - 58 = 37. Calculate the greatest common divisor of k and t.
19
Let c be 3*(-2)/(-3) - 0. What is the highest common factor of 22 and c?
2
Suppose -2*y + 9 = -3*d + 2, 0 = 3*y + 5*d + 37. Let s = y + 5. What is the greatest common factor of 1 and s?
1
Suppose -19 = -3*c + 2*a, a = c - 9 + 2. Let w be ((-324)/(-10))/(1/c). Calculate the greatest common divisor of 18 and w.
18
Suppose 3*u - 28 = -4*b, -2 + 6 = -b + 2*u. Let r(s) = s**2 + 5*s - 8. Let o be r(-7). Let i = 6 + o. Calculate the greatest common divisor of b and i.
4
Suppose -858 = -7*a + 4*a. What is the highest common factor of 26 and a?
26
Let q be 3/4 - 265/(-20). Calculate the greatest common divisor of q and 56.
14
Let x = 79 + -34. Let j be (0 - -2) + (28 - 0). Calculate the greatest common factor of x and j.
15
Let i be (-166)/(-18) + (-2)/9. Let b be 632/7 - 2/7. Calculate the highest common divisor of b and i.
9
Suppose 7*o = -140 + 560. What is the greatest common factor of o and 36?
12
Suppose o - 88 = -2*i + 3*o, 0 = -4*i - o + 151. Suppose -4*r + r = -i. What is the greatest common factor of 39 and r?
13
Let y(p) = 44*p. Let i be y(4). Suppose 5*r = -3*l, -5*r - 2*l = 3 + 2. Let w(h) = -4*h + 4. Let v be w(r). Calculate the highest common divisor of i and v.
16
Suppose a + 4*a - 30 = 2*i, 2*i = -3*a + 34. Let b(p) = 5*p - 32. Let o be b(24). What is the highest common divisor of a and o?
8
Suppose 2*g + 9 = 5*g. Let w(r) = r**2 - r + 2. Let c be w(g). Calculate the greatest common factor of c and 88.
8
Suppose 4*d - 5 = 3*d. Calculate the highest common divisor of d and 20.
5
Let w be (-1 + (-43)/4)*-4. Let k be (-2 + -1 - -1) + w. What is the highest common factor of k and 18?
9
Let z(h) = 4*h**2 - h - 2. Let a be z(2). Let k = a - -8. Suppose 0 = -5*v + k, 0*p - 3*v = -5*p + 38. What is the greatest common factor of 2 and p?
2
Let a(x) = -21*x - 2. Let w be a(-5). Supp